n divisor of 130 and 1352.
26
What is the highest common factor of 93 and 62496?
93
Calculate the greatest common divisor of 56 and 140.
28
What is the highest common divisor of 2950 and 944?
118
Calculate the highest common divisor of 18 and 774.
18
Calculate the greatest common factor of 528 and 336.
48
Calculate the greatest common divisor of 84 and 140.
28
Calculate the highest common factor of 320 and 260.
20
What is the highest common divisor of 15408 and 107?
107
Calculate the greatest common divisor of 7936 and 62.
62
What is the highest common factor of 30 and 162?
6
Calculate the highest common divisor of 5287 and 17.
17
Calculate the greatest common divisor of 24 and 72.
24
What is the greatest common factor of 216 and 27?
27
Calculate the highest common divisor of 600 and 648.
24
Calculate the greatest common divisor of 16 and 48.
16
What is the highest common divisor of 16 and 1?
1
Calculate the highest common factor of 84 and 70.
14
What is the greatest common divisor of 10 and 940?
10
Calculate the greatest common divisor of 49 and 840.
7
Calculate the highest common factor of 23 and 621.
23
What is the greatest common divisor of 18 and 837?
9
Calculate the highest common factor of 22650 and 150.
150
What is the greatest common factor of 9 and 2?
1
What is the highest common factor of 30 and 195?
15
What is the highest common factor of 162 and 108?
54
Calculate the highest common divisor of 874 and 1064.
38
Calculate the highest common factor of 187 and 1785.
17
What is the greatest common divisor of 5104 and 16?
16
Calculate the greatest common factor of 3959 and 37.
37
What is the highest common factor of 104 and 5876?
52
Calculate the greatest common factor of 144 and 3984.
48
Calculate the highest common divisor of 3112 and 8.
8
What is the highest common factor of 424 and 53?
53
What is the greatest common divisor of 2125 and 17?
17
What is the highest common factor of 29 and 12151?
29
What is the greatest common divisor of 86 and 4?
2
Calculate the greatest common divisor of 18 and 426.
6
What is the greatest common divisor of 104 and 32?
8
What is the greatest common divisor of 108 and 300?
12
Calculate the greatest common factor of 1377 and 243.
81
What is the highest common factor of 40 and 180?
20
What is the highest common factor of 654 and 4142?
218
Calculate the greatest common divisor of 512 and 96.
32
What is the greatest common divisor of 2595 and 173?
173
What is the highest common factor of 728 and 637?
91
Calculate the highest common factor of 65 and 338.
13
Calculate the greatest common factor of 4998 and 12.
6
Calculate the greatest common divisor of 165 and 15.
15
What is the greatest common divisor of 645 and 387?
129
Calculate the highest common factor of 1 and 25.
1
Calculate the greatest common divisor of 1122 and 2550.
102
Calculate the greatest common factor of 375 and 135.
15
What is the greatest common divisor of 195 and 715?
65
Calculate the greatest common factor of 147 and 7301.
49
Calculate the highest common factor of 155 and 1085.
155
What is the highest common factor of 1962 and 3706?
218
Calculate the greatest common factor of 648 and 24.
24
Calculate the highest common factor of 1 and 25.
1
What is the greatest common factor of 119 and 1631?
7
What is the greatest common factor of 9 and 639?
9
What is the greatest common divisor of 55 and 4?
1
Calculate the greatest common factor of 275 and 297.
11
What is the greatest common divisor of 4929 and 558?
93
Calculate the highest common factor of 2714 and 322.
46
Calculate the greatest common divisor of 3712 and 1792.
128
Calculate the greatest common divisor of 88 and 253.
11
What is the greatest common divisor of 8206 and 286?
22
What is the highest common divisor of 116 and 18?
2
Calculate the greatest common factor of 8056 and 456.
152
What is the greatest common divisor of 5320 and 1292?
76
Calculate the highest common factor of 20 and 2140.
20
What is the highest common factor of 1 and 167?
1
What is the highest common factor of 30 and 35?
5
Calculate the highest common factor of 51 and 9129.
51
What is the greatest common factor of 2128 and 304?
304
Calculate the highest common divisor of 6 and 146.
2
What is the greatest common factor of 48 and 168?
24
What is the highest common divisor of 24949 and 122?
61
What is the highest common divisor of 47445 and 15?
15
What is the greatest common divisor of 176 and 11?
11
What is the highest common factor of 16 and 29168?
16
What is the greatest common divisor of 318 and 583?
53
Calculate the greatest common divisor of 140 and 4100.
20
Calculate the greatest common factor of 340 and 370.
10
Calculate the highest common factor of 297 and 22.
11
Calculate the highest common divisor of 3 and 1180.
1
What is the greatest common factor of 33 and 649?
11
Calculate the highest common factor of 195 and 45.
15
Calculate the greatest common divisor of 70 and 70.
70
Calculate the greatest common divisor of 60 and 36.
12
Calculate the greatest common divisor of 6208 and 96.
32
What is the highest common factor of 34914 and 66?
66
Calculate the highest common factor of 11 and 979.
11
What is the greatest common divisor of 10 and 80?
10
What is the greatest common divisor of 4584 and 72?
24
What is the highest common divisor of 5461 and 215?
43
What is the greatest common factor of 1425 and 57?
57
Calculate the highest common divisor of 88 and 20306.
22
What is the highest common factor of 1547 and 85?
17
Calculate the highest common factor of 32 and 4.
4
What is the greatest common factor of 899 and 928?
29
What is the highest common factor of 112 and 756?
28
What is the highest common factor of 2220 and 300?
60
Calculate the greatest common factor of 92 and 18492.
92
Calculate the greatest common factor of 76 and 1083.
19
What is the highest common factor of 46 and 184?
46
What is the highest common factor of 70 and 110?
10
What is the highest common factor of 12 and 12?
12
Calculate the highest common factor of 990 and 36.
18
Calculate the greatest common divisor of 14 and 98.
14
Calculate the highest common factor of 21 and 147.
21
Calculate the greatest common divisor of 22 and 704.
22
Calculate the greatest common factor of 12 and 380.
4
What is the greatest common factor of 1209 and 26?
13
Calculate the greatest common factor of 1625 and 2750.
125
Calculate the greatest common factor of 153 and 2227.
17
Calculate the highest common factor of 1519 and 98.
49
What is the highest common divisor of 174 and 30?
6
Calculate the greatest common factor of 871 and 533.
13
Calculate the highest common divisor of 2 and 211.
1
Calculate the greatest common divisor of 298 and 7897.
149
What is the greatest common divisor of 12 and 64?
4
Calculate the greatest common divisor of 62 and 93.
31
Calculate the highest common divisor of 140 and 460.
20
What is the highest common divisor of 684 and 114?
114
What is the greatest common divisor of 22 and 16049?
11
What is the highest common divisor of 18168 and 24?
24
Calculate the highest common divisor of 4819 and 79.
79
Calculate the highest common factor of 4 and 496.
4
What is the highest common divisor of 312 and 12?
12
What is the highest common factor of 169 and 208?
13
Calculate the highest common divisor of 115 and 161.
23
Calculate the greatest common factor of 163 and 51.
1
What is the greatest common factor of 27 and 1?
1
What is the greatest common factor of 16 and 56?
8
Calculate the highest common factor of 147 and 84.
21
Calculate the greatest common divisor of 255 and 735.
15
What is the greatest common factor of 1025 and 20?
5
Calculate the greatest common factor of 290 and 110.
10
What is the greatest common divisor of 12 and 5268?
12
Calculate the greatest common divisor of 115 and 12995.
115
Calculate the highest common divisor of 187 and 66.
11
Calculate the highest common factor of 9836 and 4.
4
What is the greatest common divisor of 55 and 215?
5
Calculate the highest common divisor of 117 and 81.
9
Calculate the highest common divisor of 144 and 320.
16
What is the highest common factor of 966 and 105?
21
Calculate the greatest common factor of 1 and 1409.
1
Calculate the greatest common divisor of 71 and 3.
1
Calculate the greatest common divi